)?
2
Let t(b) = 6*b - 44. Let f be t(8). What is the units digit of (-1)/(f - (16740/(-1045))/(-4))?
9
Let j = -321 - 126. What is the tens digit of (8/(-14))/((-192)/(-224))*j?
9
What is the thousands digit of (4/12)/((-30)/(-893340))?
9
Let n = -11452 + 57478. What is the ten thousands digit of n?
4
Let m(d) = -45622*d + 192. What is the hundreds digit of m(-1)?
8
Let u = 117398 + -43270. What is the units digit of u?
8
Suppose 6*j - 1657314 = -135*j. What is the units digit of j?
4
Let b(m) = 2049*m**2 + 12*m - 21. What is the units digit of b(2)?
9
Let x(s) = -13*s**2 - 11*s - 6. Let y(t) = 15*t**2 + 10*t + 8. Let j(b) = 7*x(b) + 6*y(b). What is the units digit of j(-9)?
8
Let z = 25438 - 11555. What is the ten thousands digit of z?
1
Let r be -9*1/(-3) - -2. Let g(l) = 21*l - 17. Let p be g(r). Suppose 4*z - p = 4. What is the units digit of z?
3
Let f(b) = -42*b + 12 - 17 + 13*b. Let o be f(-8). Suppose 5*c - 2*s - o - 53 = 0, -5*s = 2*c - 112. What is the tens digit of c?
5
Suppose 1497*t - 1488*t = 180072. What is the ten thousands digit of t?
2
Suppose -16*g = -g + 4*g - 296438. What is the units digit of g?
2
Let x be ((-2)/18*6)/(2/(-15)). Suppose 501 = p + m, 0*m - 509 = -p - x*m. What is the tens digit of p?
9
Suppose -2417 = -g + 238. What is the units digit of g?
5
Suppose 441*c + 4282089 - 22661205 = 0. What is the tens digit of c?
7
Let z(b) = 1445*b - 1231. What is the units digit of z(7)?
4
Suppose 0 = 4*c - 2*c + 3*p - 16, p + 23 = 5*c. Suppose -c*t = 3*t - 528. What is the units digit of t?
6
Let p(k) = k**2 - 3*k - 14. Let u be p(-3). Let d be 5 + 10*(-2)/u. Suppose -5*g - 4*q + 1011 = d, 4*g - 4*q - q = 776. What is the hundreds digit of g?
1
Let m = -1220 - -13804. What is the ten thousands digit of m?
1
Suppose -50751 = -4*x - t, 0 = x + 863*t - 860*t - 12685. What is the tens digit of x?
8
Suppose -4*p - 12 = -0*y - 4*y, 0 = -4*y - 2*p + 42. Suppose y*n + 485 = 4*i + 9*n, 0 = 3*i + 3*n - 366. What is the units digit of i?
1
Let b be 1 + 132 + 2/(-1). Suppose -4*f + 75 = 5*h, -2*f + 2*h - 65 = -5*f. Let p = b - f. What is the tens digit of p?
0
Let i = -14208 - -24257. What is the units digit of i?
9
Let f = 6016 - -1987. What is the hundreds digit of f?
0
Let r = -50908 + 115993. What is the hundreds digit of r?
0
Suppose 19*f - 6008 = 18*f + 5*g, 4*f + 3*g - 24055 = 0. What is the hundreds digit of f?
0
Let g be (-2 + 6/3)/3. Suppose q = -g*q + 1. Suppose 3*p = 25 - q. What is the units digit of p?
8
What is the tens digit of (1 - -2) + (-3498)/(-2) - 7?
4
Let o = 4276 - 875. Suppose -4*k + o = -3*t + 208, 2*k - 1601 = 3*t. What is the hundreds digit of k?
7
What is the ten thousands digit of ((93 - 52)/41)/((-1)/(-48004))?
4
Suppose 24*n = 20*n + 20. Suppose -2*y - n = -3*j, -3 = 2*j - 3*j + 2*y. What is the units digit of j/(1/(-1 - -30))?
9
Suppose -5*t - 8 = -2*n + 28, -55 = -5*n - 5*t. Suppose 2058 = 20*j - n*j. What is the units digit of j?
4
What is the tens digit of 0 + (-13)/1 - -1897?
8
What is the tens digit of ((-70)/175 + (-11)/(-15))*1113?
7
Let t = -158 - -222. Let c be 0 - 595/(-10) - (-4)/8. Let h = t - c. What is the units digit of h?
4
Suppose 0 = 5*u + 2*w - 68, 0 = -3*u + 2*u + 3*w. Let g = 34 - u. Let q = g - 9. What is the units digit of q?
3
Suppose 5*n - 24 = -9. Suppose 2*b - 3*p = 6*b - 5228, -b + 1292 = -n*p. What is the units digit of b?
4
Let x be -278*22/6*18/(-12). Suppose -6*o + 5525 = x. What is the units digit of o?
6
What is the tens digit of (120778/4)/((-1820)/(-1040))?
5
Suppose -5*c - 5*o + 4 = 19, c + 2*o = -8. Suppose -r - q = 2, -3*r + 19 = -0*r - c*q. Suppose -r*s + 4*s = 91. What is the units digit of s?
1
Suppose -4208010 = -192*g - 31*g. What is the tens digit of g?
7
Suppose 20*j - 487347 + 142073 = -38*j. What is the units digit of j?
3
Let l = -761 - -1193. Suppose 92*m - 96*m = -l. What is the units digit of m?
8
Suppose 0 = 25*i + 9*i - 330854. What is the tens digit of i?
3
Suppose -6*v + 2*q = -v - 640, 5*v - 640 = -q. Suppose -2*p + v + 232 = 0. What is the units digit of p?
0
Let c = 7 + -5. Suppose -5*u - 6 - 96 = c*p, 3*u = 2*p - 58. What is the tens digit of -1 + -35*(128/u - -2)?
5
Let s(c) be the first derivative of 3*c**2 - 26*c + 12. Let h be s(5). Suppose h*t - 9*t = -i - 483, 5*i + 378 = 4*t. What is the tens digit of t?
9
Suppose -s - 4*y + 112 = 0, 2*y = -s + 102 + 12. Let c = s + -217. Let q = 168 + c. What is the tens digit of q?
6
Suppose -2*h = n - 732, -n - 2*h = h - 730. Let j = n - 609. What is the hundreds digit of j?
1
Suppose 0 = -4*h + 4*o, 24 = -h + 2*h + 5*o. Suppose -h*d - 5*g + 1520 = -1176, 0 = 3*d - 2*g - 2045. What is the units digit of d?
9
Suppose -2*s + 108*s - 2599444 = -10*s. What is the thousands digit of s?
2
Let j(t) = -8 - 101*t - 2*t**2 - 92*t + 3*t**2 + 191*t. What is the hundreds digit of j(16)?
2
Let y = -23 - -25. Let u(f) = -90*f + 7*f**y - f**3 + 2*f**2 - 7 + 83*f. What is the tens digit of u(6)?
5
Let f = 365 - 342. What is the units digit of (-6582)/(-8) + (6 - f/4)?
3
Let b = 117 - 113. What is the tens digit of (18/b)/((-33)/(-2156))?
9
Let q(x) = x + 1. Let d be q(1). Suppose -286 = -2*o - 2*m, -6*o + o = d*m - 718. Suppose -23*h = -25*h + o. What is the tens digit of h?
7
Let i(u) be the first derivative of u**6/90 - u**5/6 - 13*u**4/24 - 8*u**3/3 + 6. Let t(f) be the third derivative of i(f). What is the tens digit of t(10)?
8
Suppose 18 = w + 6. Suppose w*y + 1536 = 15*y. Suppose -2*t + 10*t = y. What is the units digit of t?
4
Let o(n) = -n**2 + 20*n - 93. Let x be o(14). What is the hundreds digit of (-1681)/x - 72/(-324)?
1
Let h(v) = -24*v - 71. Let y = 36 - 51. What is the hundreds digit of h(y)?
2
Let s(l) = 169*l + 107. Let j be s(-11). Let r = j + 2921. What is the thousands digit of r?
1
Let j be 10 - (-1 + 4) - 4. Suppose 3*x - 1266 = -j*m - 0*m, 1262 = 3*x + 5*m. What is the tens digit of x?
2
Let r(x) = -2*x**3 + 18*x**2 + x - 11. Let s be r(9). What is the units digit of 3220/(-98)*7*s?
0
Suppose -8*h + 2007 = -1657. What is the hundreds digit of h?
4
Let l be 6 - (281/5)/(6/30). Let q = -43 - l. What is the units digit of q?
2
What is the thousands digit of 6/(6/29608*-2*(-216)/486)?
3
Let o = -5291 - -11397. What is the hundreds digit of o?
1
Let v be -2*6/54 + (-25)/9. What is the units digit of (1 + v)/(32/(-1152))?
2
Let t(o) = 21539*o + 3936. What is the hundreds digit of t(1)?
4
Let n be (40/8)/(-5) - 16. Let k = 590 - n. What is the units digit of k?
7
Let a(o) = o**3 - 67*o**2 + 33*o + 466. What is the tens digit of a(67)?
7
Suppose -3*k - 20 = -4*n, -2*n = -6*n + 5*k + 28. Suppose -4*j - 9*l + 8*l = -366, -n*l + 186 = 2*j. What is the units digit of j?
1
Suppose 47892 = 15*v - 12*v. Suppose 0 = -f - 25*f + v. What is the hundreds digit of f?
6
Let o(u) = 320 + 3*u**2 - u**2 - u**2 - 9*u - 283. What is the tens digit of o(19)?
2
Suppose -4*w + 429033 = 5*h, 0 = 3*w - 9*w - 48. What is the thousands digit of h?
5
What is the tens digit of 15/(-285) + (-315174)/(-38)?
9
Let w be (-9)/(-36) - 249/4. Let q be -1 - (1 + (w - -3)). Let y = 116 - q. What is the units digit of y?
9
Let i be 6/21 - (4 - (-466)/14). Let b = i - -89. Suppose -36 = 2*a - b. What is the units digit of a?
8
Let y(a) = a**3 + 8*a**2 - 7*a - 1. Let p = -212 + 297. Suppose 2*b + p = 75. What is the tens digit of y(b)?
0
Let q(z) = z**2 - 34*z - 67. Let l be q(36). Let w = 5 + -3. Suppose w*s + g - 438 = l*g, 2*g + 8 = 0. What is the units digit of s?
1
Let c = 5856 + -1896. Suppose -8*h - 2*h = -c. What is the hundreds digit of h?
3
Suppose -666 = -4*x - 3*m, -4*x - 5*m + 198 + 464 = 0. Suppose -6*i + 10*i = x. Let z = i + 98. What is the hundreds digit of z?
1
Let n(o) = -2792*o + 2142. What is the thousands digit of n(-20)?
7
Suppose 5*a - 15 = -z - 0, 5*z - 31 = -3*a. Suppose -66 = -h + z*t + 27, 4 = 2*t. Suppose 73 + h = 8*n. What is the units digit of n?
2
Suppose -5936 = -s + 783 + 219. What is the thousands digit of s?
6
Suppose -42714 = -33*c + 6*c. What is the hundreds digit of (c/(-7))/(-2) - -9?
1
Let b be 5 - 19*1/1. Let v(m) = 6*m**2 + 27*m - 49. What is the units digit of v(b)?
9
Suppose 3432 = -13*j + 17*j. Let l = -595 + j. What is the hundreds digit of l?
2
Suppose 7*v = 9*v - 148. Let n be 1/(-2)*1 